5
3302 (base 5) to base 4
13010
338 (base 15) to base 11
602
What is -1011100001 (base 2) in base 3?
-1000022
What is -3623 (base 7) in base 14?
-6ba
Convert -6b6 (base 14) to base 7.
-3616
What is 53a6 (base 13) in base 5?
333003
Convert -12850 (base 9) to base 6.
-104200
Convert 2e10 (base 15) to base 5.
304130
Convert 28430 (base 10) to base 4.
12330032
-600 (base 7) to base 3
-101220
What is -110110101 (base 2) in base 11?
-368
-446 (base 13) to base 16
-2de
Convert 15e (base 16) to base 3.
110222
156c (base 13) to base 9
4260
What is 107ee (base 15) in base 4?
30303020
-10212 (base 16) to base 3
-10100121220
What is -2311120 (base 4) in base 6?
-125424
Convert -11220102 (base 3) to base 13.
-1820
Convert 210304 (base 6) to base 7.
100306
Convert -13302 (base 4) to base 3.
-200110
2a73 (base 12) to base 6
35023
What is 1a04 (base 11) in base 4?
213301
Convert -541 (base 7) to base 11.
-22a
What is -315 (base 14) in base 7?
-1525
Convert 30391 (base 10) to base 12.
15707
5235 (base 8) to base 13
1310
10011101010000 (base 2) to base 7
41225
Convert 187 (base 13) to base 12.
1b4
Convert 2010021 (base 3) to base 4.
120022
-8226 (base 11) to base 6
-122314
-50576 (base 8) to base 11
-14746
-39d (base 15) to base 14
-42b
-4c8f (base 16) to base 7
-111066
-d0dd (base 15) to base 16
-ac33
-1021002 (base 4) to base 14
-19bc
Convert -19a8 (base 12) to base 8.
-6120
-1415 (base 11) to base 2
-11100100111
What is -22708 (base 9) in base 3?
-202210022
Convert 203 (base 14) to base 2.
110001011
What is 10178 (base 9) in base 12?
3a75
Convert 29f2 (base 16) to base 14.
3cb0
Convert -40ca (base 13) to base 15.
-29be
22003122 (base 4) to base 12
1b9b6
What is -5be (base 16) in base 9?
-2013
1012121 (base 4) to base 7
16064
-762 (base 8) to base 6
-2150
What is -11000011000 (base 2) in base 13?
-930
What is 534 (base 16) in base 2?
10100110100
Convert 4170 (base 9) to base 15.
d90
ad04 (base 15) to base 9
55274
459 (base 15) to base 14
504
132c (base 16) to base 4
1030230
-8231 (base 10) to base 15
-268b
-111100010000011 (base 2) to base 10
-30851
-2986 (base 15) to base 16
-22c5
Convert 2a4 (base 11) to base 13.
215
-7651 (base 9) to base 7
-22300
222025 (base 6) to base 7
105131
Convert 11230 (base 5) to base 7.
2243
-4531 (base 7) to base 4
-121213
What is 1067 (base 9) in base 7?
2206
What is 13050 (base 6) in base 5?
30344
What is -20225 (base 6) in base 7?
-10550
Convert 100 (base 10) to base 5.
400
What is 16b (base 14) in base 13?
195
Convert 1144 (base 8) to base 15.
2ac
What is 27d (base 15) in base 3?
210001
5c98 (base 15) to base 16
4d06
What is 203243 (base 5) in base 16?
1a2a
Convert -976 (base 15) to base 4.
-201120
cec (base 16) to base 6
23152
Convert -105514 (base 9) to base 16.
-f688
What is -9975 (base 10) in base 15?
-2e50
Convert 8b2 (base 13) to base 9.
2043
Convert 3043 (base 7) to base 9.
1407
What is -2445 (base 7) in base 10?
-915
Convert 12149 (base 10) to base 2.
10111101110101
What is 4847 (base 10) in base 13?
228b
Convert -1455 (base 11) to base 6.
-12403
Convert 6522 (base 7) to base 16.
90f
What is -305 (base 10) in base 6?
-1225
Convert 362 (base 11) to base 12.
2bb
Convert 3143 (base 5) to base 7.
1143
What is 11022220202 (base 3) in base 5?
10211412
16977 (base 11) to base 13
aaaa
What is -20303 (base 4) in base 10?
-563
90 (base 16) to base 14
a4
188 (base 13) to base 4
10121
5870 (base 10) to base 13
2897
What is 797 (base 11) in base 8?
1671
b3c (base 13) to base 2
11101110110
What is 14d (base 14) in base 11?
221
Convert -d60 (base 14) to base 3.
-10121111
What is -17 (base 11) in base 16?
-12
What is -3232 (base 9) in base 4?
-211022
What is -338 (base 16) in base 9?
-1115
-1322002 (base 4) to base 11
-5960
-47615 (base 10) to base 3
-2102022112
What is 3398 (base 16) in base 6?
141052
-b7 (base 13) to base 11
-127
What is -21e6 (base 15) in base 14?
-2899
-dc (base 16) to base 7
-433
Convert -331c (base 15) to base 13.
-4c0b
What is 941 (base 14) in base 3?
2111110
What is 101001010 (base 2) in base 16?
14a
Convert -757 (base 16) to base 14.
-983
What is 21b9 (base 14) in base 4?
1123113
233334 (base 5) to base 9
12708
Convert -186a (base 11) to base 8.
-4507
What is -1014 (base 7) in base 11?
-2a2
Convert -2438 (base 10) to base 4.
-212012
10746 (base 8) to base 10
4582
-110001011111100 (base 2) to base 11
-18047
Convert 146c (base 15) to base 12.
2649
What is 9590 (base 16) in base 8?
112620
What is -571 (base 8) in base 3?
-111222
What is -156653 (base 7) in base 14?
-b52a
1010111000011 (base 2) to base 8
12703
Convert -22303312 (base 4) to base 14.
-121ca
-256 (base 8) to base 10
-174
Convert -132 (base 4) to base 10.
-30
-2442 (base 13) to base 5
-130444
78a3 (base 11) to base 4
2202132
14531 (base 6) to base 14
c07
Convert -19229 (base 13) to base 4.
-23321003
What is -24ad (base 14) in base 15?
-1d85
Convert -b4ad (base 15) to base 10.
-38188
Convert 380 (base 16) to base 10.
896
What is 33004 (base 8) in base 2?
11011000000100
-11101 (base 3) to base 7
-226
What is -1ba7 (base 15) in base 3?
-22020111
What is 11330311 (base 4) in base 2?
101111100110101
-80608 (base 10) to base 12
-3a794
What is 10213 (base 5) in base 11?
571
Convert -cc9 (base 15) to base 10.
-2889
Convert -145d4 (base 15) to base 6.
-1223001
What is -30 (base 11) in base 16?
-21
What is -11101100000101 (base 2) in base 14?
-5713
223040 (base 5) to base 10
7895
What is -2c0 (base 15) in base 6?
-2530
-4645 (base 9) to base 11
-2650
Convert -56581 (base 9) to base 5.
-2201112
What is 58883 (base 10) in base 7?
333446
-11827 (base 12) to base 5
-1224042
b04 (base 15) to base 6
15251
What is -53a (base 12) in base 9?
-1041
What is -4234 (base 6) in base 11?
-7a1
-48a (base 12) to base 16
-2aa
What is -212011 (base 3) in base 11?
-519
-111111000 (base 2) to base 7
-1320
41275 (base 8) to base 15
50e0
1621 (base 12) to base 11
1a6a
What is -13415 (base 6) in base 2?
-100000110011
Convert 12002 (base 6) to base 14.
8b8
-11210 (base 3) to base 5
-1004
Convert 3011 (base 4) to base 3.
21022
22102 (base 3) to base 9
272
Convert -1101001 (base 5) to base 4.
-10212330
Convert 212120 (base 3) to base 15.
2c6
What is -24150 (base 6) in base 10?
-3522
Convert -27476 (base 9) to base 3.
-221112120
What is -2736 (base 15) in base 6?
-102440
Convert 5164 (base 13) to base 11.
8495
Convert 1a78 (base 15) to base 13.
27c5
What is -15100 (base 8) in base 2?
-1101001000000
Convert 140704 (base 8) to base 13.
19769
Convert -1556 (base 9) to base 5.
-14220
-1fc (base 16) to base 4
-13330
Convert -102122020 (base 3) to base 6.
-103140
What is 4086 (base 13) in base 10?
8898
What is 233 (base 12) in base 5?
2302
What is -18421 (base 9) in base 4?
-3013000
What is -12022212 (base 3) in base 14?
-15b6
-12353 (base 7) to base 3
-11111012
Convert 5252 (base 8) to base 3.
10202010
What is 75580 (base 9) in base 12?
24b69
Convert 2922 (base 12) to base 11.
3654
What is 323322 (base 5) in base 2?
10101101001111
Convert 200101201 (base 3) to base 9.
20351
Convert 7488 (base 9) to base 15.
1972
Convert 111122 (base 3) to base 4.
11300
What is 1101030 (base 4) in base 10?
5196
Convert 28a2 (base 13) to base 5.
142003
Convert 3211 (base 7) to base 12.
7a7
Convert -13311 (base 4) to base 8.
-765
-10b2 (base 12) to base 13
-b03
Convert 3d4 (base 14) to base 6.
3330
Convert -5478 (base 11) to base 5.
-212344
What is 1470a (base 11) in base 10?
20822
Convert -110130 (base 4) to base 9.
-1713
What is -155 (base 15) in base 7?
-614
Convert -17973 (base 11) to base 16.
-6227
What is 23123 (base 6) in base 14?
12b1
11156 (base 7) to base 14
1066
Convert -21233 (base 4) to base 5.
-4443
What is 21b6 (base 14) in base 15?
1ae9
What is 423132 (base 6) in base 8?
103140
-24233 (base 8) to base 5
-313040
What is 100001011011010 (base 2) in base 16?
42da
-3023 (base 13) to base 5
-202440
What is -377 (base 10) in base 3?
-111222
What is 583 (base 9) in base 8?
740
What is -38 (base 11) in base 14?
-2d
What is 1120121 (base 3) in base 13?
6a6
-5c (base 15) to base 8
-127
What is 511 (base 6) in base 13?
115
What is -310011 (base 4) in base 2?
-110100000101
Convert 1699 (base 11) to base 6.
14005
-204 (base 10) to base 11
-176
Convert -7080 (base 13) to base 9.
-23213
Convert -619 (bas